e x(-1). Let h = -9 - p. Suppose -3*n - 25 = -2*t, 5*n = -h*t + 30 - 2. Is t composite?
False
Suppose -2*h = 2*f - 142, -4*f + 132 = 2*h - 0*f. Let u be (-18)/30 - h/(-10). Suppose 0 = 2*s + u - 33. Is s a composite number?
False
Let h(v) = 59*v**3 + 2*v**2 + 57*v**3 + 16*v**3 - v**2. Is h(1) a composite number?
True
Is 3539/(-18)*-2 - (-2)/(-9) prime?
False
Let g(u) = u**3 - 6*u**2 + 5*u + 5. Let h be g(5). Suppose -2*o + 0*o - 47 = -h*n, -43 = -5*n + 3*o. Let t = 78 - n. Is t composite?
False
Let s be 8/(-10)*10/2. Let m = s - -110. Suppose 4*b - 130 - m = 0. Is b composite?
False
Let c(d) = 19*d**2 - 3*d + 7. Is c(-5) a prime number?
False
Is 30876/20 + 8/(-10) a prime number?
True
Let o(x) = -x**3 - 10*x**2 + 9*x - 2. Suppose 5*b = 4 + 6. Let w(d) = -d**3 - 10*d**2 + 9*d - 1. Let t(v) = b*o(v) - 3*w(v). Is t(-10) a composite number?
False
Let c(b) = -6*b - 10. Let s(g) = 11*g + 20. Let t(m) = 5*c(m) + 3*s(m). Suppose 0 = n + 5*o + 1, -2*o - 31 = -0*n - 3*n. Is t(n) composite?
False
Is 1898/6 - (-6)/9 composite?
False
Let k = 281 - 120. Is k a composite number?
True
Suppose -9*i + 4660 = i. Is i composite?
True
Let n = -80 + 133. Is n a prime number?
True
Suppose 2*u - 111 - 23 = 0. Is 3 + 3/(-1) + u a prime number?
True
Let d = 9 - 6. Suppose -s + 4*t = -109, -d*s + 0*t + 5*t = -292. Is s prime?
True
Let p(c) = c**2 + 1. Let x be p(-2). Suppose -i + 9 = 4*k, -3*i = -x*i + 4*k - 6. Let n = i - -14. Is n a prime number?
False
Is 145 - (2 - 8/6)*3 a prime number?
False
Let v be (-1)/(-1*1/6). Is ((-382)/4)/(v/(-12)) composite?
False
Suppose -3*v + 148 = v. Is v a composite number?
False
Let c = 75 + 59. Suppose 2*g = k + c, g - 4*k = 6*g - 309. Is g a composite number?
True
Suppose 0 = 21*g - 19*g - 406. Is g composite?
True
Suppose -320 = -3*a + 7. Suppose -3*u - 233 = -3*i + a, -i + 108 = 5*u. Is i a composite number?
False
Let u be (-1)/(6/117)*-12. Suppose i + 2*i = u. Let m = i - 27. Is m composite?
True
Let a = -885 - -1298. Is a a prime number?
False
Is (2/4)/(14/644) a composite number?
False
Suppose 0*f + 5*f = 15. Suppose 4*j - 448 = -3*n + 1059, 0 = -f*j - 3*n + 1134. Is j prime?
True
Suppose 5*p + x - 64 + 19 = 0, 2*p + 4*x - 36 = 0. Suppose 4*n - 4 = p. Suppose -n*m + 18 = -2*c + 5*c, 5*c - 2*m = 65. Is c a composite number?
False
Let w(u) = 14*u**3 + u**2. Let s be w(-1). Let o = 21 + s. Is (-1050)/(-8) - 2/o a prime number?
True
Suppose -46687 = -5*x - 3*m, -4*m + 20 = m. Is x prime?
False
Suppose -2*l - 2*k = -7*k - 833, 2*l = 2*k + 824. Is l composite?
False
Let m(c) = 35*c - 5. Let u(w) = 1. Let d(p) = -m(p) - 4*u(p). Is d(-3) prime?
False
Let r(m) = 4*m**2 - 5*m**2 + 4*m + 10 + 2*m**2. Is r(-9) a prime number?
False
Let d(q) = 215*q + 1. Let k be d(1). Suppose 4*w - 3*w - 5*s = k, -w + 207 = -2*s. Is w a prime number?
False
Let r be (4/6)/((-6)/(-45)). Suppose -5*a + 1187 = 5*v + 42, 20 = -r*a. Is v a composite number?
False
Let g(b) = -b**3 + 6*b**2 - b + 2. Is g(5) a composite number?
True
Suppose 57 + 74 = n. Is n a composite number?
False
Let r(i) = i**3 - i**2 - 5*i - 1. Is r(6) prime?
True
Let q(f) be the third derivative of -f**6/120 + f**5/12 + 5*f**4/24 + f**3/6 - 2*f**2. Is q(5) a composite number?
True
Suppose 411 = 2*w - 25. Is w prime?
False
Let i = 152 - -27. Is i composite?
False
Suppose 4*d - 3643 = 3*g, 3*g - 2*g = 2*d - 1819. Is d composite?
False
Let t(a) = -986*a**3 - a**2 - a - 1. Let z be t(-1). Suppose 5*n + 0*w - 5*w - 1635 = 0, -2*w = -3*n + z. Is n prime?
True
Let n(r) be the first derivative of -7*r**2/2 + 2*r + 4. Suppose -12 + 2 = a - i, -3*a + 10 = 5*i. Is n(a) a prime number?
True
Suppose 1 + 1 = -2*a. Let o(l) = -162*l**3 + l**2 - l - 1. Is o(a) a prime number?
True
Suppose 5*q = -3*u - 6, 13 - 37 = -3*u + 5*q. Let l(r) = -r + 10. Let n be l(7). Suppose u*p + 4 = 5*p, -p = -n*w + 175. Is w prime?
True
Suppose 4*g - 6*g = 52. Let z be (-6)/(-15) + g/(-10). Suppose -z*p = -2*p - 19. Is p a composite number?
False
Suppose 5*l = -s + 127, -6*s = -3*l - s + 65. Is l a composite number?
True
Let m be (1 + -2)/(1/(-2)). Let c = 44 + m. Is c prime?
False
Suppose -4*c = -3*p + 3115, 2*p - p - 1557 = 2*c. Is c/(-8) + 2/(-8) composite?
False
Suppose l + 4*c - 1073 = 0, 4*l = -3*c + 8*c + 4334. Is l prime?
False
Let m = -595 - -347. Let r = -87 - m. Is r a prime number?
False
Let j = -4 - -7. Is 0 + 64*1 + j prime?
True
Suppose 0 = -3*o - 2 + 11. Let f(z) = z**2 - 2*z - 1. Let b be f(o). Suppose 4*n + 397 + 138 = 5*c, -4*n + 242 = b*c. Is c composite?
True
Is 1/(-1)*(-4 + (-4836)/4) a composite number?
False
Let d(n) = -n**2 + 6*n - 5. Let h be d(5). Suppose 5*a = -h*a + 2815. Is a a composite number?
False
Let r be 2*2*4/8. Suppose 3 = -2*s - 3*y - 13, -24 = r*s - y. Is (-10)/55 - 849/s a composite number?
True
Let y = 71 + 67. Suppose -5*v + 682 = 5*s - y, 2*v = -3*s + 491. Is s composite?
False
Let v(s) = 3*s + 1 - 12*s - 2 + 5. Let w be v(-9). Let c = -14 + w. Is c prime?
True
Suppose -3*z - x + 552 = 0, 0*z - z + 173 = 4*x. Is z a prime number?
False
Let d = 6 - 2. Is (2/d)/(2/376) a composite number?
True
Suppose 3*t + 12 = -4*c, 0*t - 6 = 3*t + 2*c. Suppose 2*u = -5*x + 5, -2*x + t*u = -u - 11. Is 1 - ((-108)/x)/3 a composite number?
False
Let l(u) = -u**3 - 2*u**2 - 7*u - 7. Let s be l(-5). Let y = s + -53. Let v = -27 + y. Is v a composite number?
False
Suppose 0 = 3*r - 16 + 1, -4*r = -3*f - 26. Let t = 6 + f. Let d(q) = 2*q**2 - 6*q + 2. Is d(t) a composite number?
True
Suppose 5*w - q = 205, 0*w + 5*q + 164 = 4*w. Suppose -w = -v + 22. Suppose c - v = -5*y, -4*y + 57 + 88 = 3*c. Is c composite?
False
Suppose 0 = -5*j + j. Let b be 8/12*(j - -6). Suppose 0 = 3*p + 5*l - 16, -l = 2*p + b*l - 14. Is p composite?
False
Let b(h) = -h + 16. Is b(-7) a composite number?
False
Let k = -2 - -5. Suppose 5*v - 4410 = -5*x, -5*x + 3945 + 475 = k*v. Is x a composite number?
False
Suppose 0 = 4*y - 2666 + 726. Suppose 0 = -0*d + d - y. Suppose -3*j = -8*j + d. Is j a prime number?
True
Let p(a) = 2*a**2 + 2*a - 1. Let v be p(1). Is 151/4 - v/4 composite?
False
Let d = 2 - 0. Let t = d - 8. Is ((-178)/t)/((-3)/(-9)) composite?
False
Let n be 92/(-20) - (-4)/(-10). Let a = 7 + n. Suppose -159 = -a*b + 123. Is b a composite number?
True
Suppose 0 = -5*p + 4933 + 2337. Is p a composite number?
True
Let s(z) = -z - 3. Let a be s(-2). Is (2008/(-24))/(a/3) a prime number?
True
Let i(h) = 447*h**2 - 3*h + 11. Let u(k) = 671*k**2 - 5*k + 17. Let c(o) = 8*i(o) - 5*u(o). Is c(2) composite?
True
Let c = 466 - -211. Is c a prime number?
True
Let j(p) = 11*p**2 - 4*p - 5. Let u be j(-5). Suppose 6*t = t + u. Is t a composite number?
True
Let d(u) = 2*u**2 - 3*u**2 + 2*u**2 + 4 + 6*u**3 - 5. Is d(2) a composite number?
True
Let n = 51 + -20. Is n composite?
False
Suppose 14*t - 10*t - 1948 = 0. Is t a prime number?
True
Let q(b) = -44*b**3 + 3*b**2 + b - 3. Is q(-2) composite?
False
Let m be 20*3/4*3. Let c = 88 + m. Is c a prime number?
False
Let v = 273 - 123. Suppose -v + 30 = -2*y. Let k = y - 37. Is k composite?
False
Let o be 50 - (0 + 0)/(-4). Let l = 17 + o. Is l a composite number?
False
Is 3/18 - 2633/(-6) prime?
True
Let f be (12/(-36))/(1/(-114)). Suppose 4*y - f = 2*y. Is y a prime number?
True
Let a be (-13)/((-2)/(-8)*-2). Suppose -4*b + a = 2. Is (-4)/b - 341/(-3) prime?
True
Let n(k) = 16*k**2 + 5*k + 2. Let o be (-46)/14 - (-8)/28. Is n(o) composite?
False
Let i(p) = 35*p - 9. Let j be i(8). Suppose 0*g = -5*l - 2*g + j, -g - 50 = -l. Is l a composite number?
False
Let k(c) = -c + 9. Suppose -3*x = -13 - 8. Let w be k(x). Is (-2*3)/(w/(-7)) a composite number?
True
Let c(y) = y**3 - 34*y**2 + 31*y - 63. Is c(34) prime?
True
Let j be ((-4)/5)/(2/(-15)). Let a(m) = m**2 - m + 3. Is a(j) composite?
True
Suppose 5*h - 7397 = 4*l, 3*h + l = -l + 4447. Is h a composite number?
False
Let v be 1/4 - (-31)/4. Is 6/v - 2523/(-12) composite?
False
Let k(h) be the third derivative of 2*h**2 - 1/6*h**3 + 11/60*h**6 + 1/24*h**4 + 0*h + 0 + 0*h**5. Is k(1) a prime number?
False
Let p(a) = 18*a**2 - 4*a - 1. Let v be 7/1 + 24/(-6). Is p(v) a composite number?
False
Suppose 5*g - 58 = 492. Suppose t + 4*o - g = 0, 2*t - 2*o = 4*t - 190. Suppose 2*h + p = t, 3*p = 4*p + 4. Is h a prime number?
True
Let s be (1 - 1)